CRAN Package Check Results for Package ForestGapR

Last updated on 2020-10-11 01:47:21 CEST.

Flavor Version Tinstall Tcheck Ttotal Status Flags
r-devel-linux-x86_64-debian-clang 0.0.2 2.65 36.91 39.56 OK
r-devel-linux-x86_64-debian-gcc 0.0.2 1.93 28.58 30.51 OK
r-devel-linux-x86_64-fedora-clang 0.0.2 55.83 NOTE
r-devel-linux-x86_64-fedora-gcc 0.0.2 48.90 NOTE
r-devel-windows-ix86+x86_64 0.0.2 6.00 60.00 66.00 OK
r-patched-linux-x86_64 0.0.2 2.36 35.40 37.76 OK
r-patched-solaris-x86 0.0.2 70.30 NOTE
r-release-linux-x86_64 0.0.2 2.55 35.10 37.65 OK
r-release-macos-x86_64 0.0.2 NOTE
r-release-windows-ix86+x86_64 0.0.2 6.00 43.00 49.00 OK
r-oldrel-macos-x86_64 0.0.2 NOTE
r-oldrel-windows-ix86+x86_64 0.0.2 4.00 62.00 66.00 OK

Check Details

Version: 0.0.2
Check: dependencies in R code
Result: NOTE
    Namespaces in Imports field not imported from:
     ‘igraph’ ‘rgeos’ ‘viridis’
     All declared Imports should be used.
Flavors: r-devel-linux-x86_64-fedora-clang, r-devel-linux-x86_64-fedora-gcc, r-patched-solaris-x86, r-release-macos-x86_64, r-oldrel-macos-x86_64

Version: 0.0.2
Check: Rd cross-references
Result: NOTE
    Undeclared package ‘rgdal’ in Rd xrefs
Flavor: r-devel-linux-x86_64-fedora-clang