CRAN Package Check Results for Package FunCC

Last updated on 2020-10-11 01:47:21 CEST.

Flavor Version Tinstall Tcheck Ttotal Status Flags
r-devel-linux-x86_64-debian-clang 1.0 6.29 47.03 53.32 OK
r-devel-linux-x86_64-debian-gcc 1.0 5.33 35.39 40.72 OK
r-devel-linux-x86_64-fedora-clang 1.0 70.16 OK
r-devel-linux-x86_64-fedora-gcc 1.0 66.41 OK
r-devel-windows-ix86+x86_64 1.0 11.00 63.00 74.00 OK
r-patched-linux-x86_64 1.0 5.61 44.56 50.17 NOTE
r-patched-solaris-x86 1.0 88.50 OK
r-release-linux-x86_64 1.0 5.99 43.89 49.88 NOTE
r-release-macos-x86_64 1.0 OK
r-release-windows-ix86+x86_64 1.0 9.00 64.00 73.00 OK
r-oldrel-macos-x86_64 1.0 OK
r-oldrel-windows-ix86+x86_64 1.0 9.00 45.00 54.00 OK

Check Details

Version: 1.0
Check: DESCRIPTION meta-information
Result: NOTE
    Dependence on R version ‘3.5.1’ not with patchlevel 0
Flavors: r-patched-linux-x86_64, r-release-linux-x86_64