CRAN Package Check Results for Package FuncNN

Last updated on 2020-10-11 01:47:21 CEST.

Flavor Version Tinstall Tcheck Ttotal Status Flags
r-devel-linux-x86_64-debian-clang 1.0 18.32 127.28 145.60 OK
r-devel-linux-x86_64-debian-gcc 1.0 13.66 96.62 110.28 OK
r-devel-linux-x86_64-fedora-clang 1.0 182.55 NOTE
r-devel-linux-x86_64-fedora-gcc 1.0 182.65 NOTE
r-devel-windows-ix86+x86_64 1.0 40.00 152.00 192.00 OK
r-patched-linux-x86_64 1.0 11.26 117.61 128.87 OK
r-patched-solaris-x86 1.0 235.60 NOTE
r-release-linux-x86_64 1.0 11.35 116.36 127.71 OK
r-release-macos-x86_64 1.0 NOTE
r-release-windows-ix86+x86_64 1.0 27.00 155.00 182.00 OK
r-oldrel-macos-x86_64 1.0 NOTE
r-oldrel-windows-ix86+x86_64 1.0 32.00 156.00 188.00 OK

Check Details

Version: 1.0
Check: dependencies in R code
Result: NOTE
    Namespace in Imports field not imported from: ‘foreach’
     All declared Imports should be used.
Flavors: r-devel-linux-x86_64-fedora-clang, r-devel-linux-x86_64-fedora-gcc, r-patched-solaris-x86, r-release-macos-x86_64, r-oldrel-macos-x86_64