Last updated on 2020-10-11 01:47:22 CEST.
Flavor | Version | Tinstall | Tcheck | Ttotal | Status | Flags |
---|---|---|---|---|---|---|
r-devel-linux-x86_64-debian-clang | 1.0 | 32.65 | 29.73 | 62.38 | OK | |
r-devel-linux-x86_64-debian-gcc | 1.0 | 24.09 | 23.43 | 47.52 | OK | |
r-devel-linux-x86_64-fedora-clang | 1.0 | 91.05 | NOTE | |||
r-devel-linux-x86_64-fedora-gcc | 1.0 | 84.56 | NOTE | |||
r-devel-windows-ix86+x86_64 | 1.0 | 77.00 | 72.00 | 149.00 | OK | |
r-patched-linux-x86_64 | 1.0 | 27.93 | 28.60 | 56.53 | OK | |
r-patched-solaris-x86 | 1.0 | 89.00 | OK | |||
r-release-linux-x86_64 | 1.0 | 25.90 | 28.72 | 54.62 | OK | |
r-release-macos-x86_64 | 1.0 | OK | ||||
r-release-windows-ix86+x86_64 | 1.0 | 60.00 | 75.00 | 135.00 | OK | |
r-oldrel-macos-x86_64 | 1.0 | OK | ||||
r-oldrel-windows-ix86+x86_64 | 1.0 | 67.00 | 60.00 | 127.00 | OK |
Version: 1.0
Check: compiled code
Result: NOTE
File ‘GLMaSPU/libs/GLMaSPU.so’:
Found no calls to: ‘R_registerRoutines’, ‘R_useDynamicSymbols’
It is good practice to register native routines and to disable symbol
search.
See ‘Writing portable packages’ in the ‘Writing R Extensions’ manual.
Flavors: r-devel-linux-x86_64-fedora-clang, r-devel-linux-x86_64-fedora-gcc