Last updated on 2020-10-11 01:47:21 CEST.
Flavor | Version | Tinstall | Tcheck | Ttotal | Status | Flags |
---|---|---|---|---|---|---|
r-devel-linux-x86_64-debian-clang | 1.0 | 3.35 | 36.08 | 39.43 | NOTE | |
r-devel-linux-x86_64-debian-gcc | 1.0 | 2.91 | 27.84 | 30.75 | NOTE | |
r-devel-linux-x86_64-fedora-clang | 1.0 | 56.99 | NOTE | |||
r-devel-linux-x86_64-fedora-gcc | 1.0 | 51.36 | NOTE | |||
r-devel-windows-ix86+x86_64 | 1.0 | 8.00 | 45.00 | 53.00 | NOTE | |
r-patched-linux-x86_64 | 1.0 | 3.42 | 34.60 | 38.02 | NOTE | |
r-patched-solaris-x86 | 1.0 | 67.30 | NOTE | |||
r-release-linux-x86_64 | 1.0 | 3.78 | 34.50 | 38.28 | NOTE | |
r-release-macos-x86_64 | 1.0 | NOTE | ||||
r-release-windows-ix86+x86_64 | 1.0 | 6.00 | 56.00 | 62.00 | NOTE | |
r-oldrel-macos-x86_64 | 1.0 | NOTE | ||||
r-oldrel-windows-ix86+x86_64 | 1.0 | 7.00 | 38.00 | 45.00 | NOTE |
Version: 1.0
Check: R code for possible problems
Result: NOTE
ForImp.Mahala: no visible global function definition for 'combn'
ForImp.Mahala: no visible global function definition for 'var'
ForImp.Mahala: no visible global function definition for 'quantile'
ForImp.Mahala : <anonymous>: no visible global function definition for
'var'
ForImp.Mahala : <anonymous> : <anonymous>: no visible global function
definition for 'var'
ForImp.Mahala : <anonymous> : <anonymous>: no visible global function
definition for 'quantile'
ForImp.PCA: no visible global function definition for 'cov'
ForImp.PCA: no visible global function definition for 'princomp'
ForImp.PCA: no visible global function definition for 'combn'
ForImp.PCA: no visible global function definition for 'quantile'
ForImp.PCA : <anonymous> : <anonymous>: no visible global function
definition for 'quantile'
Undefined global functions or variables:
combn cov princomp quantile var
Consider adding
importFrom("stats", "cov", "princomp", "quantile", "var")
importFrom("utils", "combn")
to your NAMESPACE file.
Flavors: r-devel-linux-x86_64-debian-clang, r-devel-linux-x86_64-debian-gcc, r-devel-linux-x86_64-fedora-clang, r-devel-linux-x86_64-fedora-gcc, r-devel-windows-ix86+x86_64, r-patched-linux-x86_64, r-patched-solaris-x86, r-release-linux-x86_64, r-release-macos-x86_64, r-release-windows-ix86+x86_64, r-oldrel-macos-x86_64, r-oldrel-windows-ix86+x86_64