Last updated on 2020-10-11 01:47:22 CEST.
Flavor | Version | Tinstall | Tcheck | Ttotal | Status | Flags |
---|---|---|---|---|---|---|
r-devel-linux-x86_64-debian-clang | 0.1.0 | 2.06 | 22.27 | 24.33 | OK | |
r-devel-linux-x86_64-debian-gcc | 0.1.0 | 1.61 | 17.51 | 19.12 | OK | |
r-devel-linux-x86_64-fedora-clang | 0.1.0 | 39.86 | NOTE | |||
r-devel-linux-x86_64-fedora-gcc | 0.1.0 | 32.05 | NOTE | |||
r-devel-windows-ix86+x86_64 | 0.1.0 | 6.00 | 39.00 | 45.00 | OK | |
r-patched-linux-x86_64 | 0.1.0 | 2.06 | 21.49 | 23.55 | OK | |
r-patched-solaris-x86 | 0.1.0 | 44.30 | NOTE | |||
r-release-linux-x86_64 | 0.1.0 | 2.10 | 21.56 | 23.66 | OK | |
r-release-macos-x86_64 | 0.1.0 | NOTE | ||||
r-release-windows-ix86+x86_64 | 0.1.0 | 5.00 | 29.00 | 34.00 | OK | |
r-oldrel-macos-x86_64 | 0.1.0 | NOTE | ||||
r-oldrel-windows-ix86+x86_64 | 0.1.0 | 4.00 | 38.00 | 42.00 | OK |
Version: 0.1.0
Check: dependencies in R code
Result: NOTE
Namespaces in Imports field not imported from:
‘scales’ ‘stringr’
All declared Imports should be used.
Flavors: r-devel-linux-x86_64-fedora-clang, r-devel-linux-x86_64-fedora-gcc, r-patched-solaris-x86, r-release-macos-x86_64, r-oldrel-macos-x86_64