CRAN Package Check Results for Package GetTDData

Last updated on 2020-10-11 01:47:22 CEST.

Flavor Version Tinstall Tcheck Ttotal Status Flags
r-devel-linux-x86_64-debian-clang 1.4.2 2.34 37.17 39.51 OK
r-devel-linux-x86_64-debian-gcc 1.4.2 1.93 28.73 30.66 OK
r-devel-linux-x86_64-fedora-clang 1.4.2 56.90 NOTE
r-devel-linux-x86_64-fedora-gcc 1.4.2 50.69 NOTE
r-devel-windows-ix86+x86_64 1.4.2 7.00 55.00 62.00 OK
r-patched-linux-x86_64 1.4.2 2.24 35.32 37.56 OK
r-patched-solaris-x86 1.4.2 72.20 NOTE
r-release-linux-x86_64 1.4.2 2.52 35.56 38.08 OK
r-release-macos-x86_64 1.4.2 NOTE
r-release-windows-ix86+x86_64 1.4.2 5.00 55.00 60.00 OK
r-oldrel-macos-x86_64 1.4.2 NOTE
r-oldrel-windows-ix86+x86_64 1.4.2 6.00 54.00 60.00 OK

Check Details

Version: 1.4.2
Check: dependencies in R code
Result: NOTE
    Namespace in Imports field not imported from: ‘XML’
     All declared Imports should be used.
Flavors: r-devel-linux-x86_64-fedora-clang, r-devel-linux-x86_64-fedora-gcc, r-patched-solaris-x86, r-release-macos-x86_64, r-oldrel-macos-x86_64