Last updated on 2020-10-11 01:47:22 CEST.
Flavor | Version | Tinstall | Tcheck | Ttotal | Status | Flags |
---|---|---|---|---|---|---|
r-devel-linux-x86_64-debian-clang | 1.1.1 | 11.58 | 86.95 | 98.53 | OK | |
r-devel-linux-x86_64-debian-gcc | 1.1.1 | 10.67 | 65.37 | 76.04 | OK | |
r-devel-linux-x86_64-fedora-clang | 1.1.1 | 130.11 | NOTE | |||
r-devel-linux-x86_64-fedora-gcc | 1.1.1 | 119.90 | OK | |||
r-devel-windows-ix86+x86_64 | 1.1.1 | 26.00 | 106.00 | 132.00 | NOTE | |
r-patched-linux-x86_64 | 1.1.1 | 11.44 | 80.08 | 91.52 | OK | |
r-patched-solaris-x86 | 1.1.1 | 165.80 | NOTE | |||
r-release-linux-x86_64 | 1.1.1 | 10.58 | 79.55 | 90.13 | OK | |
r-release-macos-x86_64 | 1.1.1 | NOTE | ||||
r-release-windows-ix86+x86_64 | 1.1.1 | 21.00 | 108.00 | 129.00 | NOTE | |
r-oldrel-macos-x86_64 | 1.1.1 | NOTE | ||||
r-oldrel-windows-ix86+x86_64 | 1.1.1 | 23.00 | 70.00 | 93.00 | NOTE |
Version: 1.1.1
Check: installed package size
Result: NOTE
installed size is 6.0Mb
sub-directories of 1Mb or more:
data 5.6Mb
Flavors: r-devel-linux-x86_64-fedora-clang, r-devel-windows-ix86+x86_64, r-patched-solaris-x86, r-release-macos-x86_64, r-release-windows-ix86+x86_64, r-oldrel-macos-x86_64, r-oldrel-windows-ix86+x86_64