Last updated on 2020-10-11 01:47:23 CEST.
Flavor | Version | Tinstall | Tcheck | Ttotal | Status | Flags |
---|---|---|---|---|---|---|
r-devel-linux-x86_64-debian-clang | 0.4-3 | 103.36 | 77.85 | 181.21 | OK | --no-vignettes |
r-devel-linux-x86_64-debian-gcc | 0.4-3 | 71.45 | 60.63 | 132.08 | OK | --no-vignettes |
r-devel-linux-x86_64-fedora-clang | 0.4-3 | 551.69 | NOTE | |||
r-devel-linux-x86_64-fedora-gcc | 0.4-3 | 618.31 | OK | |||
r-devel-windows-ix86+x86_64 | 0.4-3 | 224.00 | 331.00 | 555.00 | OK | |
r-patched-linux-x86_64 | 0.4-3 | 90.94 | 75.45 | 166.39 | OK | --no-vignettes |
r-patched-solaris-x86 | 0.4-3 | 449.70 | OK | |||
r-release-linux-x86_64 | 0.4-3 | 88.91 | 74.15 | 163.06 | OK | --no-vignettes |
r-release-macos-x86_64 | 0.4-3 | NOTE | ||||
r-release-windows-ix86+x86_64 | 0.4-3 | 161.00 | 349.00 | 510.00 | OK | |
r-oldrel-macos-x86_64 | 0.4-3 | NOTE | ||||
r-oldrel-windows-ix86+x86_64 | 0.4-3 | 201.00 | 326.00 | 527.00 | OK |
Version: 0.4-3
Check: installed package size
Result: NOTE
installed size is 5.9Mb
sub-directories of 1Mb or more:
doc 1.1Mb
libs 3.7Mb
Flavors: r-devel-linux-x86_64-fedora-clang, r-release-macos-x86_64, r-oldrel-macos-x86_64