CRAN Package Check Results for Package HandTill2001

Last updated on 2020-10-11 01:47:22 CEST.

Flavor Version Tinstall Tcheck Ttotal Status Flags
r-devel-linux-x86_64-debian-clang 1.0.0 2.17 28.80 30.97 OK
r-devel-linux-x86_64-debian-gcc 1.0.0 1.85 23.01 24.86 OK
r-devel-linux-x86_64-fedora-clang 1.0.0 47.61 NOTE
r-devel-linux-x86_64-fedora-gcc 1.0.0 39.28 OK
r-devel-windows-ix86+x86_64 1.0.0 5.00 48.00 53.00 OK
r-patched-linux-x86_64 1.0.0 2.10 27.97 30.07 OK
r-patched-solaris-x86 1.0.0 58.50 OK
r-release-linux-x86_64 1.0.0 2.15 28.06 30.21 OK
r-release-macos-x86_64 1.0.0 OK
r-release-windows-ix86+x86_64 1.0.0 5.00 51.00 56.00 OK
r-oldrel-macos-x86_64 1.0.0 OK
r-oldrel-windows-ix86+x86_64 1.0.0 4.00 50.00 54.00 OK

Check Details

Version: 1.0.0
Check: Rd cross-references
Result: NOTE
    Undeclared packages ‘ROCR’, ‘caTools’ in Rd xrefs
Flavor: r-devel-linux-x86_64-fedora-clang