CRAN Package Check Results for Package ICAMS

Last updated on 2020-10-11 01:47:23 CEST.

Flavor Version Tinstall Tcheck Ttotal Status Flags
r-devel-linux-x86_64-debian-clang 2.2.4 49.29 552.31 601.60 OK
r-devel-linux-x86_64-debian-gcc 2.2.4 42.01 397.97 439.98 OK
r-devel-linux-x86_64-fedora-clang 2.2.4 575.95 NOTE
r-devel-linux-x86_64-fedora-gcc 2.2.4 588.91 NOTE
r-devel-windows-ix86+x86_64 2.2.4 101.00 568.00 669.00 OK
r-patched-linux-x86_64 2.2.4 49.65 488.55 538.20 OK
r-patched-solaris-x86 2.2.4 719.10 NOTE
r-release-linux-x86_64 2.2.4 46.99 485.61 532.60 OK
r-release-macos-x86_64 2.2.4 NOTE
r-release-windows-ix86+x86_64 2.2.4 73.00 601.00 674.00 OK
r-oldrel-macos-x86_64 2.2.4 ERROR
r-oldrel-windows-ix86+x86_64 2.2.4 94.00 398.00 492.00 OK

Check Details

Version: 2.2.4
Check: package dependencies
Result: NOTE
    Packages suggested but not available for checking:
     'BSgenome.Hsapiens.1000genomes.hs37d5',
     'BSgenome.Mmusculus.UCSC.mm10'
Flavors: r-devel-linux-x86_64-fedora-clang, r-devel-linux-x86_64-fedora-gcc, r-patched-solaris-x86, r-release-macos-x86_64

Version: 2.2.4
Check: Rd cross-references
Result: NOTE
    Packages unavailable to check Rd xrefs: ‘BSgenome.Hsapiens.1000genomes.hs37d5’, ‘BSgenome.Mmusculus.UCSC.mm10’
Flavors: r-devel-linux-x86_64-fedora-clang, r-devel-linux-x86_64-fedora-gcc, r-patched-solaris-x86, r-release-macos-x86_64

Version: 2.2.4
Check: package dependencies
Result: NOTE
    Packages suggested but not available for checking:
     'BSgenome.Hsapiens.1000genomes.hs37d5',
     'BSgenome.Hsapiens.UCSC.hg38', 'BSgenome.Mmusculus.UCSC.mm10'
Flavor: r-oldrel-macos-x86_64

Version: 2.2.4
Check: whether package can be installed
Result: ERROR
    Installation failed.
Flavor: r-oldrel-macos-x86_64