CRAN Package Check Results for Package ICtest

Last updated on 2020-10-11 01:47:23 CEST.

Flavor Version Tinstall Tcheck Ttotal Status Flags
r-devel-linux-x86_64-debian-clang 0.3-2 45.46 187.51 232.97 OK
r-devel-linux-x86_64-debian-gcc 0.3-2 35.28 138.51 173.79 OK
r-devel-linux-x86_64-fedora-clang 0.3-2 287.19 NOTE
r-devel-linux-x86_64-fedora-gcc 0.3-2 283.52 OK
r-devel-windows-ix86+x86_64 0.3-2 112.00 315.00 427.00 OK
r-patched-linux-x86_64 0.3-2 40.85 176.07 216.92 OK
r-patched-solaris-x86 0.3-2 335.40 OK
r-release-linux-x86_64 0.3-2 40.35 175.98 216.33 OK
r-release-macos-x86_64 0.3-2 OK
r-release-windows-ix86+x86_64 0.3-2 84.00 327.00 411.00 OK
r-oldrel-macos-x86_64 0.3-2 OK
r-oldrel-windows-ix86+x86_64 0.3-2 95.00 293.00 388.00 OK

Check Details

Version: 0.3-2
Check: Rd cross-references
Result: NOTE
    Undeclared package ‘fICA’ in Rd xrefs
Flavor: r-devel-linux-x86_64-fedora-clang