CRAN Package Check Results for Package IETD

Last updated on 2020-10-11 01:47:23 CEST.

Flavor Version Tinstall Tcheck Ttotal Status Flags
r-devel-linux-x86_64-debian-clang 1.0.0 6.86 59.91 66.77 OK
r-devel-linux-x86_64-debian-gcc 1.0.0 5.43 45.08 50.51 OK
r-devel-linux-x86_64-fedora-clang 1.0.0 90.31 NOTE
r-devel-linux-x86_64-fedora-gcc 1.0.0 77.91 NOTE
r-devel-windows-ix86+x86_64 1.0.0 18.00 118.00 136.00 OK
r-patched-linux-x86_64 1.0.0 5.92 55.48 61.40 OK
r-patched-solaris-x86 1.0.0 109.40 NOTE
r-release-linux-x86_64 1.0.0 7.00 55.59 62.59 OK
r-release-macos-x86_64 1.0.0 NOTE
r-release-windows-ix86+x86_64 1.0.0 13.00 83.00 96.00 OK
r-oldrel-macos-x86_64 1.0.0 NOTE
r-oldrel-windows-ix86+x86_64 1.0.0 12.00 106.00 118.00 OK

Check Details

Version: 1.0.0
Check: dependencies in R code
Result: NOTE
    Namespace in Imports field not imported from: ‘Rdpack’
     All declared Imports should be used.
Flavors: r-devel-linux-x86_64-fedora-clang, r-devel-linux-x86_64-fedora-gcc, r-patched-solaris-x86, r-release-macos-x86_64, r-oldrel-macos-x86_64