Last updated on 2020-10-11 01:47:23 CEST.
Flavor | Version | Tinstall | Tcheck | Ttotal | Status | Flags |
---|---|---|---|---|---|---|
r-devel-linux-x86_64-debian-clang | 0.1.1 | 97.84 | 102.88 | 200.72 | OK | |
r-devel-linux-x86_64-debian-gcc | 0.1.1 | 86.03 | 77.86 | 163.89 | OK | |
r-devel-linux-x86_64-fedora-clang | 0.1.1 | 286.26 | NOTE | |||
r-devel-linux-x86_64-fedora-gcc | 0.1.1 | 276.13 | OK | |||
r-devel-windows-ix86+x86_64 | 0.1.1 | 230.00 | 196.00 | 426.00 | OK | |
r-patched-linux-x86_64 | 0.1.1 | 107.83 | 99.94 | 207.77 | OK | |
r-patched-solaris-x86 | 0.1.1 | 284.20 | OK | |||
r-release-linux-x86_64 | 0.1.1 | 106.77 | 100.78 | 207.55 | OK | |
r-release-macos-x86_64 | 0.1.1 | NOTE | ||||
r-release-windows-ix86+x86_64 | 0.1.1 | 188.00 | 142.00 | 330.00 | OK | |
r-oldrel-macos-x86_64 | 0.1.1 | NOTE | ||||
r-oldrel-windows-ix86+x86_64 | 0.1.1 | 209.00 | 176.00 | 385.00 | OK |
Version: 0.1.1
Check: installed package size
Result: NOTE
installed size is 9.7Mb
sub-directories of 1Mb or more:
libs 8.2Mb
Flavors: r-devel-linux-x86_64-fedora-clang, r-release-macos-x86_64, r-oldrel-macos-x86_64