CRAN Package Check Results for Package ISEtools

Last updated on 2020-10-11 01:47:23 CEST.

Flavor Version Tinstall Tcheck Ttotal Status Flags
r-devel-linux-x86_64-debian-clang 3.1.1.1 3.84 39.13 42.97 OK
r-devel-linux-x86_64-debian-gcc 3.1.1.1 3.49 30.36 33.85 OK
r-devel-linux-x86_64-fedora-clang 3.1.1.1 62.25 OK
r-devel-linux-x86_64-fedora-gcc 3.1.1.1 56.44 OK
r-devel-windows-ix86+x86_64 3.1.1.1 8.00 47.00 55.00 OK
r-patched-linux-x86_64 3.1.1.1 4.12 38.06 42.18 OK
r-patched-solaris-x86 3.1.1.1 76.20 NOTE
r-release-linux-x86_64 3.1.1.1 4.35 37.86 42.21 OK
r-release-macos-x86_64 3.1.1.1 NOTE
r-release-windows-ix86+x86_64 3.1.1.1 6.00 69.00 75.00 OK
r-oldrel-macos-x86_64 3.1.1.1 NOTE
r-oldrel-windows-ix86+x86_64 3.1.1.1 7.00 54.00 61.00 OK

Check Details

Version: 3.1.1.1
Check: package dependencies
Result: NOTE
    Package suggested but not available for checking: ‘BRugs’
Flavors: r-patched-solaris-x86, r-release-macos-x86_64, r-oldrel-macos-x86_64