CRAN Package Check Results for Package JFE

Last updated on 2020-10-11 01:47:24 CEST.

Flavor Version Tinstall Tcheck Ttotal Status Flags
r-devel-linux-x86_64-debian-clang 2.5.1 27.51 214.38 241.89 OK
r-devel-linux-x86_64-debian-gcc 2.5.1 21.35 161.89 183.24 OK
r-devel-linux-x86_64-fedora-clang 2.5.1 299.61 OK
r-devel-linux-x86_64-fedora-gcc 2.5.1 287.40 OK
r-devel-windows-ix86+x86_64 2.5.1 57.00 271.00 328.00 OK
r-patched-linux-x86_64 2.5.1 27.39 200.26 227.65 OK
r-patched-solaris-x86 2.5.1 419.90 OK
r-release-linux-x86_64 2.5.1 26.45 198.40 224.85 OK
r-release-macos-x86_64 2.5.1 OK
r-release-windows-ix86+x86_64 2.5.1 36.00 271.00 307.00 OK
r-oldrel-macos-x86_64 2.5.1 ERROR
r-oldrel-windows-ix86+x86_64 2.5.1 46.00 239.00 285.00 OK

Check Details

Version: 2.5.1
Check: whether package can be installed
Result: ERROR
    Installation failed.
Flavor: r-oldrel-macos-x86_64