CRAN Package Check Results for Package LSDinterface

Last updated on 2020-10-11 01:47:25 CEST.

Flavor Version Tinstall Tcheck Ttotal Status Flags
r-devel-linux-x86_64-debian-clang 0.4.0 2.25 23.51 25.76 OK
r-devel-linux-x86_64-debian-gcc 0.4.0 2.07 18.55 20.62 OK
r-devel-linux-x86_64-fedora-clang 0.4.0 40.84 NOTE
r-devel-linux-x86_64-fedora-gcc 0.4.0 34.28 NOTE
r-devel-windows-ix86+x86_64 0.4.0 5.00 30.00 35.00 OK
r-patched-linux-x86_64 0.4.0 2.67 23.07 25.74 OK
r-patched-solaris-x86 0.4.0 44.70 NOTE
r-release-linux-x86_64 0.4.0 2.31 22.72 25.03 OK
r-release-macos-x86_64 0.4.0 NOTE
r-release-windows-ix86+x86_64 0.4.0 7.00 33.00 40.00 OK
r-oldrel-macos-x86_64 0.4.0 NOTE
r-oldrel-windows-ix86+x86_64 0.4.0 6.00 55.00 61.00 OK

Check Details

Version: 0.4.0
Check: dependencies in R code
Result: NOTE
    Namespace in Imports field not imported from: ‘utils’
     All declared Imports should be used.
Flavors: r-devel-linux-x86_64-fedora-clang, r-devel-linux-x86_64-fedora-gcc, r-patched-solaris-x86, r-release-macos-x86_64, r-oldrel-macos-x86_64