Last updated on 2020-10-11 01:47:25 CEST.
Flavor | Version | Tinstall | Tcheck | Ttotal | Status | Flags |
---|---|---|---|---|---|---|
r-devel-linux-x86_64-debian-clang | 0.3 | 4.57 | 44.43 | 49.00 | NOTE | |
r-devel-linux-x86_64-debian-gcc | 0.3 | 3.85 | 35.28 | 39.13 | NOTE | |
r-devel-linux-x86_64-fedora-clang | 0.3 | 71.14 | NOTE | |||
r-devel-linux-x86_64-fedora-gcc | 0.3 | 66.48 | NOTE | |||
r-devel-windows-ix86+x86_64 | 0.3 | 10.00 | 68.00 | 78.00 | NOTE | |
r-patched-linux-x86_64 | 0.3 | 5.15 | 39.92 | 45.07 | NOTE | |
r-patched-solaris-x86 | 0.3 | 89.50 | NOTE | |||
r-release-linux-x86_64 | 0.3 | 4.14 | 39.35 | 43.49 | NOTE | |
r-release-macos-x86_64 | 0.3 | NOTE | ||||
r-release-windows-ix86+x86_64 | 0.3 | 8.00 | 48.00 | 56.00 | NOTE | |
r-oldrel-macos-x86_64 | 0.3 | NOTE | ||||
r-oldrel-windows-ix86+x86_64 | 0.3 | 9.00 | 50.00 | 59.00 | NOTE |
Version: 0.3
Check: R code for possible problems
Result: NOTE
project.M3.1.to.M3.2: no visible global function definition for
'coordinates<-'
project.M3.1.to.M3.2: no visible global function definition for
'proj4string<-'
project.M3.1.to.M3.2: no visible global function definition for 'CRS'
project.M3.1.to.M3.2: no visible global function definition for
'spTransform'
project.M3.1.to.M3.2: no visible global function definition for
'coordinates'
Undefined global functions or variables:
CRS coordinates coordinates<- proj4string<- spTransform
Flavors: r-devel-linux-x86_64-debian-clang, r-devel-linux-x86_64-debian-gcc, r-devel-linux-x86_64-fedora-clang, r-devel-linux-x86_64-fedora-gcc, r-devel-windows-ix86+x86_64, r-patched-linux-x86_64, r-patched-solaris-x86, r-release-linux-x86_64, r-release-macos-x86_64, r-release-windows-ix86+x86_64, r-oldrel-macos-x86_64, r-oldrel-windows-ix86+x86_64