CRAN Package Check Results for Package MAINT.Data

Last updated on 2020-10-11 01:47:25 CEST.

Flavor Version Tinstall Tcheck Ttotal Status Flags
r-devel-linux-x86_64-debian-clang 2.5.0 231.31 141.38 372.69 OK
r-devel-linux-x86_64-debian-gcc 2.5.0 172.97 105.10 278.07 OK
r-devel-linux-x86_64-fedora-clang 2.5.0 501.75 NOTE
r-devel-linux-x86_64-fedora-gcc 2.5.0 483.54 OK
r-devel-windows-ix86+x86_64 2.5.0 546.00 210.00 756.00 NOTE
r-patched-linux-x86_64 2.5.0 216.92 130.64 347.56 OK
r-patched-solaris-x86 2.5.0 425.80 OK
r-release-linux-x86_64 2.5.0 214.14 129.79 343.93 OK
r-release-macos-x86_64 2.5.0 NOTE
r-release-windows-ix86+x86_64 2.5.0 400.00 219.00 619.00 NOTE
r-oldrel-macos-x86_64 2.5.0 NOTE
r-oldrel-windows-ix86+x86_64 2.5.0 466.00 161.00 627.00 NOTE

Check Details

Version: 2.5.0
Check: installed package size
Result: NOTE
     installed size is 9.9Mb
     sub-directories of 1Mb or more:
     R 1.5Mb
     data 2.3Mb
     libs 5.8Mb
Flavors: r-devel-linux-x86_64-fedora-clang, r-devel-windows-ix86+x86_64, r-release-macos-x86_64, r-release-windows-ix86+x86_64, r-oldrel-macos-x86_64, r-oldrel-windows-ix86+x86_64