CRAN Package Check Results for Package MDBED

Last updated on 2020-10-11 01:47:25 CEST.

Flavor Version Tinstall Tcheck Ttotal Status Flags
r-devel-linux-x86_64-debian-clang 1.0.0 5.29 51.02 56.31 OK
r-devel-linux-x86_64-debian-gcc 1.0.0 3.75 38.42 42.17 OK
r-devel-linux-x86_64-fedora-clang 1.0.0 77.51 NOTE
r-devel-linux-x86_64-fedora-gcc 1.0.0 65.26 NOTE
r-devel-windows-ix86+x86_64 1.0.0 15.00 88.00 103.00 OK
r-patched-linux-x86_64 1.0.0 4.91 47.73 52.64 OK
r-patched-solaris-x86 1.0.0 92.30 NOTE
r-release-linux-x86_64 1.0.0 4.70 47.70 52.40 OK
r-release-macos-x86_64 1.0.0 NOTE
r-release-windows-ix86+x86_64 1.0.0 11.00 72.00 83.00 OK
r-oldrel-macos-x86_64 1.0.0 NOTE
r-oldrel-windows-ix86+x86_64 1.0.0 9.00 82.00 91.00 OK

Check Details

Version: 1.0.0
Check: dependencies in R code
Result: NOTE
    Namespace in Imports field not imported from: ‘psych’
     All declared Imports should be used.
Flavors: r-devel-linux-x86_64-fedora-clang, r-devel-linux-x86_64-fedora-gcc, r-patched-solaris-x86, r-release-macos-x86_64, r-oldrel-macos-x86_64