Last updated on 2020-10-11 01:47:25 CEST.
Flavor | Version | Tinstall | Tcheck | Ttotal | Status | Flags |
---|---|---|---|---|---|---|
r-devel-linux-x86_64-debian-clang | 0.1.0 | 1.94 | 18.21 | 20.15 | OK | |
r-devel-linux-x86_64-debian-gcc | 0.1.0 | 1.59 | 14.45 | 16.04 | OK | |
r-devel-linux-x86_64-fedora-clang | 0.1.0 | 33.58 | NOTE | |||
r-devel-linux-x86_64-fedora-gcc | 0.1.0 | 23.55 | NOTE | |||
r-devel-windows-ix86+x86_64 | 0.1.0 | 6.00 | 33.00 | 39.00 | OK | |
r-patched-linux-x86_64 | 0.1.0 | 1.91 | 17.53 | 19.44 | OK | |
r-patched-solaris-x86 | 0.1.0 | 38.10 | NOTE | |||
r-release-linux-x86_64 | 0.1.0 | 1.87 | 17.66 | 19.53 | OK | |
r-release-macos-x86_64 | 0.1.0 | NOTE | ||||
r-release-windows-ix86+x86_64 | 0.1.0 | 7.00 | 27.00 | 34.00 | OK | |
r-oldrel-macos-x86_64 | 0.1.0 | NOTE | ||||
r-oldrel-windows-ix86+x86_64 | 0.1.0 | 4.00 | 35.00 | 39.00 | OK |
Version: 0.1.0
Check: dependencies in R code
Result: NOTE
Namespaces in Imports field not imported from:
‘MASS’ ‘datasets’ ‘dplyr’ ‘psych’ ‘shiny’
All declared Imports should be used.
Flavors: r-devel-linux-x86_64-fedora-clang, r-devel-linux-x86_64-fedora-gcc, r-patched-solaris-x86, r-release-macos-x86_64, r-oldrel-macos-x86_64