CRAN Package Check Results for Package MRH

Last updated on 2020-10-11 01:47:26 CEST.

Flavor Version Tinstall Tcheck Ttotal Status Flags
r-devel-linux-x86_64-debian-clang 2.2 13.94 87.80 101.74 NOTE
r-devel-linux-x86_64-debian-gcc 2.2 11.67 67.37 79.04 NOTE
r-devel-linux-x86_64-fedora-clang 2.2 131.11 NOTE
r-devel-linux-x86_64-fedora-gcc 2.2 121.53 NOTE
r-devel-windows-ix86+x86_64 2.2 28.00 107.00 135.00 OK
r-patched-linux-x86_64 2.2 15.77 81.98 97.75 NOTE
r-patched-solaris-x86 2.2 159.20 NOTE
r-release-linux-x86_64 2.2 15.44 81.79 97.23 NOTE
r-release-macos-x86_64 2.2 OK
r-release-windows-ix86+x86_64 2.2 22.00 143.00 165.00 OK
r-oldrel-macos-x86_64 2.2 OK
r-oldrel-windows-ix86+x86_64 2.2 28.00 122.00 150.00 OK

Check Details

Version: 2.2
Check: for non-standard things in the check directory
Result: NOTE
    Found the following files/directories:
     'MRH_lung'
Flavors: r-devel-linux-x86_64-debian-clang, r-devel-linux-x86_64-debian-gcc, r-devel-linux-x86_64-fedora-clang, r-devel-linux-x86_64-fedora-gcc, r-patched-linux-x86_64, r-patched-solaris-x86, r-release-linux-x86_64

Version: 2.2
Check: compiled code
Result: NOTE
    File ‘MRH/libs/MRH.so’:
     Found no calls to: ‘R_registerRoutines’, ‘R_useDynamicSymbols’
    
    It is good practice to register native routines and to disable symbol
    search.
    
    See ‘Writing portable packages’ in the ‘Writing R Extensions’ manual.
Flavors: r-devel-linux-x86_64-fedora-clang, r-devel-linux-x86_64-fedora-gcc