CRAN Package Check Results for Package MSGARCH

Last updated on 2020-10-11 01:47:26 CEST.

Flavor Version Tinstall Tcheck Ttotal Status Flags
r-devel-linux-x86_64-debian-clang 2.42 381.60 390.53 772.13 OK
r-devel-linux-x86_64-debian-gcc 2.42 336.25 292.53 628.78 OK
r-devel-linux-x86_64-fedora-clang 2.42 1021.05 NOTE
r-devel-linux-x86_64-fedora-gcc 2.42 1036.10 OK
r-devel-windows-ix86+x86_64 2.42 909.00 591.00 1500.00 NOTE
r-patched-linux-x86_64 2.42 403.12 373.90 777.02 OK
r-patched-solaris-x86 2.42 919.80 NOTE
r-release-linux-x86_64 2.42 395.79 366.70 762.49 OK
r-release-macos-x86_64 2.42 NOTE
r-release-windows-ix86+x86_64 2.42 690.00 702.00 1392.00 NOTE
r-oldrel-macos-x86_64 2.42 NOTE
r-oldrel-windows-ix86+x86_64 2.42 877.00 644.00 1521.00 NOTE

Check Details

Version: 2.42
Check: installed package size
Result: NOTE
     installed size is 51.2Mb
     sub-directories of 1Mb or more:
     libs 50.7Mb
Flavors: r-devel-linux-x86_64-fedora-clang, r-devel-windows-ix86+x86_64, r-patched-solaris-x86, r-release-macos-x86_64, r-release-windows-ix86+x86_64, r-oldrel-macos-x86_64, r-oldrel-windows-ix86+x86_64