CRAN Package Check Results for Package MachineShop

Last updated on 2020-10-11 01:47:25 CEST.

Flavor Version Tinstall Tcheck Ttotal Status Flags
r-devel-linux-x86_64-debian-clang 2.5.0 49.43 1011.35 1060.78 OK
r-devel-linux-x86_64-debian-gcc 2.5.0 41.40 727.61 769.01 OK
r-devel-linux-x86_64-fedora-clang 2.5.0 1229.76 OK
r-devel-linux-x86_64-fedora-gcc 2.5.0 1271.87 OK
r-devel-windows-ix86+x86_64 2.5.0 98.00 720.00 818.00 OK
r-patched-linux-x86_64 2.5.0 49.53 958.18 1007.71 OK
r-patched-solaris-x86 2.5.0 1912.50 OK
r-release-linux-x86_64 2.5.0 47.61 948.28 995.89 OK
r-release-macos-x86_64 2.5.0 OK
r-release-windows-ix86+x86_64 2.5.0 69.00 745.00 814.00 OK
r-oldrel-macos-x86_64 2.5.0 WARN
r-oldrel-windows-ix86+x86_64 2.5.0 81.00 705.00 786.00 WARN

Check Details

Version: 2.5.0
Check: S3 generic/method consistency
Result: WARN
    SelectedInput:
     function(...)
    SelectedInput.formula:
     function(..., data, control, metrics, stat, cutoff)
    
    See section ‘Generic functions and methods’ in the ‘Writing R
    Extensions’ manual.
Flavors: r-oldrel-macos-x86_64, r-oldrel-windows-ix86+x86_64