Last updated on 2020-10-11 01:47:25 CEST.
Flavor | Version | Tinstall | Tcheck | Ttotal | Status | Flags |
---|---|---|---|---|---|---|
r-devel-linux-x86_64-debian-clang | 1.2-18 | 194.02 | 348.33 | 542.35 | OK | |
r-devel-linux-x86_64-debian-gcc | 1.2-18 | 142.91 | 264.90 | 407.81 | OK | |
r-devel-linux-x86_64-fedora-clang | 1.2-18 | 683.38 | NOTE | |||
r-devel-linux-x86_64-fedora-gcc | 1.2-18 | 656.24 | OK | |||
r-devel-windows-ix86+x86_64 | 1.2-18 | 2.00 | 6.00 | 8.00 | ERROR | |
r-patched-linux-x86_64 | 1.2-18 | 167.15 | 340.57 | 507.72 | OK | |
r-patched-solaris-x86 | 1.2-18 | OK | ||||
r-release-linux-x86_64 | 1.2-18 | 171.30 | 336.04 | 507.34 | OK | |
r-release-macos-x86_64 | 1.2-18 | OK | ||||
r-release-windows-ix86+x86_64 | 1.2-18 | 279.00 | 647.00 | 926.00 | OK | |
r-oldrel-macos-x86_64 | 1.2-18 | OK | ||||
r-oldrel-windows-ix86+x86_64 | 1.2-18 | 340.00 | 582.00 | 922.00 | OK |
Version: 1.2-18
Check: Rd cross-references
Result: NOTE
Undeclared packages ‘spdep’, ‘igraph’ in Rd xrefs
Flavor: r-devel-linux-x86_64-fedora-clang
Version: 1.2-18
Check: whether package can be installed
Result: ERROR
Installation failed.
Flavor: r-devel-windows-ix86+x86_64