Last updated on 2020-10-11 01:47:25 CEST.
Flavor | Version | Tinstall | Tcheck | Ttotal | Status | Flags |
---|---|---|---|---|---|---|
r-devel-linux-x86_64-debian-clang | 1.1.8 | 6.81 | 176.12 | 182.93 | OK | |
r-devel-linux-x86_64-debian-gcc | 1.1.8 | 4.73 | 132.23 | 136.96 | OK | |
r-devel-linux-x86_64-fedora-clang | 1.1.8 | 225.16 | OK | |||
r-devel-linux-x86_64-fedora-gcc | 1.1.8 | 227.67 | OK | |||
r-devel-windows-ix86+x86_64 | 1.1.8 | 18.00 | 246.00 | 264.00 | OK | |
r-patched-linux-x86_64 | 1.1.8 | 5.94 | 169.33 | 175.27 | OK | |
r-patched-solaris-x86 | 1.1.8 | 380.60 | OK | |||
r-release-linux-x86_64 | 1.1.8 | 5.51 | 169.24 | 174.75 | OK | |
r-release-macos-x86_64 | 1.1.8 | ERROR | ||||
r-release-windows-ix86+x86_64 | 1.1.8 | 12.00 | 274.00 | 286.00 | OK | |
r-oldrel-macos-x86_64 | 1.1.8 | OK | ||||
r-oldrel-windows-ix86+x86_64 | 1.1.8 | 13.00 | 304.00 | 317.00 | OK |
Version: 1.1.8
Check: package dependencies
Result: ERROR
Package required but not available: ‘metagenomeSeq’
See section ‘The DESCRIPTION file’ in the ‘Writing R Extensions’
manual.
Flavor: r-release-macos-x86_64