Last updated on 2020-10-11 01:47:26 CEST.
Flavor | Version | Tinstall | Tcheck | Ttotal | Status | Flags |
---|---|---|---|---|---|---|
r-devel-linux-x86_64-debian-clang | 1.0 | 38.56 | 94.97 | 133.53 | OK | |
r-devel-linux-x86_64-debian-gcc | 1.0 | 30.12 | 73.16 | 103.28 | OK | |
r-devel-linux-x86_64-fedora-clang | 1.0 | 183.39 | NOTE | |||
r-devel-linux-x86_64-fedora-gcc | 1.0 | 180.31 | NOTE | |||
r-devel-windows-ix86+x86_64 | 1.0 | 96.00 | 163.00 | 259.00 | OK | |
r-patched-linux-x86_64 | 1.0 | 38.16 | 90.50 | 128.66 | OK | |
r-patched-solaris-x86 | 1.0 | 227.20 | OK | |||
r-release-linux-x86_64 | 1.0 | 39.69 | 89.52 | 129.21 | OK | |
r-release-macos-x86_64 | 1.0 | OK | ||||
r-release-windows-ix86+x86_64 | 1.0 | 74.00 | 186.00 | 260.00 | OK | |
r-oldrel-macos-x86_64 | 1.0 | OK | ||||
r-oldrel-windows-ix86+x86_64 | 1.0 | 83.00 | 115.00 | 198.00 | OK |
Version: 1.0
Check: compiled code
Result: NOTE
File ‘MiSPU/libs/MiSPU.so’:
Found no calls to: ‘R_registerRoutines’, ‘R_useDynamicSymbols’
It is good practice to register native routines and to disable symbol
search.
See ‘Writing portable packages’ in the ‘Writing R Extensions’ manual.
Flavors: r-devel-linux-x86_64-fedora-clang, r-devel-linux-x86_64-fedora-gcc