Last updated on 2020-10-11 01:47:26 CEST.
Flavor | Version | Tinstall | Tcheck | Ttotal | Status | Flags |
---|---|---|---|---|---|---|
r-devel-linux-x86_64-debian-clang | 1.0.0 | 9.30 | 78.67 | 87.97 | OK | |
r-devel-linux-x86_64-debian-gcc | 1.0.0 | 8.08 | 61.59 | 69.67 | OK | |
r-devel-linux-x86_64-fedora-clang | 1.0.0 | 116.32 | OK | |||
r-devel-linux-x86_64-fedora-gcc | 1.0.0 | 106.88 | OK | |||
r-devel-windows-ix86+x86_64 | 1.0.0 | 1.00 | 5.00 | 6.00 | ERROR | |
r-patched-linux-x86_64 | 1.0.0 | 9.80 | 75.16 | 84.96 | OK | |
r-patched-solaris-x86 | 1.0.0 | 159.00 | OK | |||
r-release-linux-x86_64 | 1.0.0 | 8.59 | 74.08 | 82.67 | OK | |
r-release-macos-x86_64 | 1.0.0 | OK | ||||
r-release-windows-ix86+x86_64 | 1.0.0 | 19.00 | 112.00 | 131.00 | OK | |
r-oldrel-macos-x86_64 | 1.0.0 | OK | ||||
r-oldrel-windows-ix86+x86_64 | 1.0.0 | 18.00 | 69.00 | 87.00 | OK |
Version: 1.0.0
Check: package dependencies
Result: ERROR
Package required but not available: 'brglm'
See section 'The DESCRIPTION file' in the 'Writing R Extensions'
manual.
Flavor: r-devel-windows-ix86+x86_64