CRAN Package Check Results for Package MplusAutomation

Last updated on 2020-10-11 01:47:26 CEST.

Flavor Version Tinstall Tcheck Ttotal Status Flags
r-devel-linux-x86_64-debian-clang 0.7-3 33.99 112.42 146.41 OK
r-devel-linux-x86_64-debian-gcc 0.7-3 34.48 83.91 118.39 OK
r-devel-linux-x86_64-fedora-clang 0.7-3 209.25 OK
r-devel-linux-x86_64-fedora-gcc 0.7-3 210.38 OK
r-devel-windows-ix86+x86_64 0.7-3 69.00 157.00 226.00 OK
r-patched-linux-x86_64 0.7-3 37.69 104.30 141.99 OK
r-patched-solaris-x86 0.7-3 222.00 OK
r-release-linux-x86_64 0.7-3 36.96 101.53 138.49 OK
r-release-macos-x86_64 0.7-3 OK
r-release-windows-ix86+x86_64 0.7-3 47.00 153.00 200.00 OK
r-oldrel-macos-x86_64 0.7-3 FAIL
r-oldrel-windows-ix86+x86_64 0.7-3 62.00 151.00 213.00 OK

Check Details

Version: 0.7-3
Check: package dependencies
Result: NOTE
    Package suggested but not available for checking: ‘rhdf5’
Flavor: r-oldrel-macos-x86_64

Version: 0.7-3
Check: dependencies in R code
Result: FAIL
Flavor: r-oldrel-macos-x86_64