Last updated on 2020-10-11 01:47:27 CEST.
Flavor | Version | Tinstall | Tcheck | Ttotal | Status | Flags |
---|---|---|---|---|---|---|
r-devel-linux-x86_64-debian-clang | 0.3 | 8.98 | 91.80 | 100.78 | OK | |
r-devel-linux-x86_64-debian-gcc | 0.3 | 7.33 | 69.27 | 76.60 | OK | |
r-devel-linux-x86_64-fedora-clang | 0.3 | 128.14 | NOTE | |||
r-devel-linux-x86_64-fedora-gcc | 0.3 | 119.04 | NOTE | |||
r-devel-windows-ix86+x86_64 | 0.3 | 25.00 | 117.00 | 142.00 | OK | |
r-patched-linux-x86_64 | 0.3 | 8.33 | 84.51 | 92.84 | OK | |
r-patched-solaris-x86 | 0.3 | 174.70 | NOTE | |||
r-release-linux-x86_64 | 0.3 | 9.88 | 83.77 | 93.65 | OK | |
r-release-macos-x86_64 | 0.3 | NOTE | ||||
r-release-windows-ix86+x86_64 | 0.3 | 17.00 | 84.00 | 101.00 | OK | |
r-oldrel-macos-x86_64 | 0.3 | NOTE | ||||
r-oldrel-windows-ix86+x86_64 | 0.3 | 20.00 | 110.00 | 130.00 | OK |
Version: 0.3
Check: dependencies in R code
Result: NOTE
Namespaces in Imports field not imported from:
‘randomForest’ ‘ranger’
All declared Imports should be used.
Flavors: r-devel-linux-x86_64-fedora-clang, r-devel-linux-x86_64-fedora-gcc, r-patched-solaris-x86, r-release-macos-x86_64, r-oldrel-macos-x86_64