Last updated on 2020-10-11 01:47:27 CEST.
Flavor | Version | Tinstall | Tcheck | Ttotal | Status | Flags |
---|---|---|---|---|---|---|
r-devel-linux-x86_64-debian-clang | 0.1.3 | 3.26 | 35.85 | 39.11 | OK | |
r-devel-linux-x86_64-debian-gcc | 0.1.3 | 2.43 | 26.16 | 28.59 | OK | |
r-devel-linux-x86_64-fedora-clang | 0.1.3 | 53.86 | NOTE | |||
r-devel-linux-x86_64-fedora-gcc | 0.1.3 | 45.10 | NOTE | |||
r-devel-windows-ix86+x86_64 | 0.1.3 | 7.00 | 41.00 | 48.00 | OK | |
r-patched-linux-x86_64 | 0.1.3 | 2.61 | 34.24 | 36.85 | OK | |
r-patched-solaris-x86 | 0.1.3 | 60.20 | NOTE | |||
r-release-linux-x86_64 | 0.1.3 | 2.73 | 34.27 | 37.00 | OK | |
r-release-macos-x86_64 | 0.1.3 | NOTE | ||||
r-release-windows-ix86+x86_64 | 0.1.3 | 6.00 | 66.00 | 72.00 | OK | |
r-oldrel-macos-x86_64 | 0.1.3 | NOTE | ||||
r-oldrel-windows-ix86+x86_64 | 0.1.3 | 6.00 | 55.00 | 61.00 | OK |
Version: 0.1.3
Check: dependencies in R code
Result: NOTE
Namespaces in Imports field not imported from:
‘boot’ ‘splines’
All declared Imports should be used.
Flavors: r-devel-linux-x86_64-fedora-clang, r-devel-linux-x86_64-fedora-gcc, r-patched-solaris-x86, r-release-macos-x86_64, r-oldrel-macos-x86_64