CRAN Package Check Results for Package PAsso

Last updated on 2020-10-11 01:47:28 CEST.

Flavor Version Tinstall Tcheck Ttotal Status Flags
r-devel-linux-x86_64-debian-clang 0.1.8 29.46 166.04 195.50 OK
r-devel-linux-x86_64-debian-gcc 0.1.8 22.81 125.25 148.06 OK
r-devel-linux-x86_64-fedora-clang 0.1.8 250.28 NOTE
r-devel-linux-x86_64-fedora-gcc 0.1.8 238.09 NOTE
r-devel-windows-ix86+x86_64 0.1.8 76.00 316.00 392.00 OK
r-patched-linux-x86_64 0.1.8 29.06 153.72 182.78 OK
r-patched-solaris-x86 0.1.8 323.80 NOTE
r-release-linux-x86_64 0.1.8 26.71 152.87 179.58 OK
r-release-macos-x86_64 0.1.8 NOTE
r-release-windows-ix86+x86_64 0.1.8 50.00 318.00 368.00 OK
r-oldrel-macos-x86_64 0.1.8 NOTE
r-oldrel-windows-ix86+x86_64 0.1.8 63.00 292.00 355.00 OK

Check Details

Version: 0.1.8
Check: dependencies in R code
Result: NOTE
    Namespaces in Imports field not imported from:
     ‘doParallel’ ‘goftest’ ‘tidyverse’
     All declared Imports should be used.
Flavors: r-devel-linux-x86_64-fedora-clang, r-devel-linux-x86_64-fedora-gcc, r-patched-solaris-x86, r-release-macos-x86_64, r-oldrel-macos-x86_64

Version: 0.1.8
Check: Rd cross-references
Result: NOTE
    Undeclared packages ‘sure’, ‘truncdist’ in Rd xrefs
Flavor: r-devel-linux-x86_64-fedora-clang