CRAN Package Check Results for Package PDN

Last updated on 2020-10-11 01:47:28 CEST.

Flavor Version Tinstall Tcheck Ttotal Status Flags
r-devel-linux-x86_64-debian-clang 0.1.0 9.43 135.65 145.08 OK
r-devel-linux-x86_64-debian-gcc 0.1.0 6.95 104.17 111.12 OK
r-devel-linux-x86_64-fedora-clang 0.1.0 194.13 NOTE
r-devel-linux-x86_64-fedora-gcc 0.1.0 172.95 NOTE
r-devel-windows-ix86+x86_64 0.1.0 23.00 167.00 190.00 OK
r-patched-linux-x86_64 0.1.0 8.66 131.66 140.32 OK
r-patched-solaris-x86 0.1.0 238.00 NOTE
r-release-linux-x86_64 0.1.0 8.72 127.69 136.41 OK
r-release-macos-x86_64 0.1.0 NOTE
r-release-windows-ix86+x86_64 0.1.0 16.00 117.00 133.00 OK
r-oldrel-macos-x86_64 0.1.0 NOTE
r-oldrel-windows-ix86+x86_64 0.1.0 18.00 154.00 172.00 OK

Check Details

Version: 0.1.0
Check: dependencies in R code
Result: NOTE
    Namespace in Imports field not imported from: ‘glmnet’
     All declared Imports should be used.
Flavors: r-devel-linux-x86_64-fedora-clang, r-devel-linux-x86_64-fedora-gcc, r-patched-solaris-x86, r-release-macos-x86_64, r-oldrel-macos-x86_64