CRAN Package Check Results for Package PGRdup

Last updated on 2020-10-11 01:47:28 CEST.

Flavor Version Tinstall Tcheck Ttotal Status Flags
r-devel-linux-x86_64-debian-clang 0.2.3.6 9.40 129.58 138.98 OK
r-devel-linux-x86_64-debian-gcc 0.2.3.6 7.42 143.37 150.79 OK
r-devel-linux-x86_64-fedora-clang 0.2.3.6 164.22 OK
r-devel-linux-x86_64-fedora-gcc 0.2.3.6 178.24 OK
r-devel-windows-ix86+x86_64 0.2.3.6 25.00 164.00 189.00 OK
r-patched-linux-x86_64 0.2.3.6 9.59 123.53 133.12 OK
r-patched-solaris-x86 0.2.3.6 133.20 WARN
r-release-linux-x86_64 0.2.3.6 8.46 121.00 129.46 OK
r-release-macos-x86_64 0.2.3.6 WARN
r-release-windows-ix86+x86_64 0.2.3.6 17.00 121.00 138.00 OK
r-oldrel-macos-x86_64 0.2.3.6 WARN
r-oldrel-windows-ix86+x86_64 0.2.3.6 20.00 156.00 176.00 OK

Check Details

Version: 0.2.3.6
Check: re-building of vignette outputs
Result: WARN
    Error(s) in re-building vignettes:
     ...
    --- re-building ‘Introduction.Rmd’ using rmarkdown_notangle
    Warning in engine$weave(file, quiet = quiet, encoding = enc) :
     Pandoc (>= 1.12.3) and/or pandoc-citeproc not available. Falling back to R Markdown v1.
    Quitting from lines 51-62 (Introduction.Rmd)
    Error: processing vignette 'Introduction.Rmd' failed with diagnostics:
    EXPR must be a length 1 vector
    --- failed re-building ‘Introduction.Rmd’
    
    SUMMARY: processing the following file failed:
     ‘Introduction.Rmd’
    
    Error: Vignette re-building failed.
    Execution halted
Flavors: r-patched-solaris-x86, r-release-macos-x86_64, r-oldrel-macos-x86_64