Last updated on 2020-10-11 01:47:29 CEST.
Flavor | Version | Tinstall | Tcheck | Ttotal | Status | Flags |
---|---|---|---|---|---|---|
r-devel-linux-x86_64-debian-clang | 0.2.0 | 18.30 | 279.15 | 297.45 | OK | |
r-devel-linux-x86_64-debian-gcc | 0.2.0 | 16.86 | 210.67 | 227.53 | OK | |
r-devel-linux-x86_64-fedora-clang | 0.2.0 | 364.65 | OK | |||
r-devel-linux-x86_64-fedora-gcc | 0.2.0 | 373.23 | OK | |||
r-devel-windows-ix86+x86_64 | 0.2.0 | 37.00 | 372.00 | 409.00 | OK | |
r-patched-linux-x86_64 | 0.2.0 | 18.05 | 277.52 | 295.57 | OK | |
r-patched-solaris-x86 | 0.2.0 | 578.80 | NOTE | |||
r-release-linux-x86_64 | 0.2.0 | 18.69 | 275.63 | 294.32 | OK | |
r-release-macos-x86_64 | 0.2.0 | OK | ||||
r-release-windows-ix86+x86_64 | 0.2.0 | 28.00 | 279.00 | 307.00 | OK | |
r-oldrel-macos-x86_64 | 0.2.0 | OK | ||||
r-oldrel-windows-ix86+x86_64 | 0.2.0 | 33.00 | 354.00 | 387.00 | OK |
Version: 0.2.0
Check: package dependencies
Result: NOTE
Package suggested but not available for checking: ‘pkgdown’
Flavor: r-patched-solaris-x86