Last updated on 2020-10-11 01:47:28 CEST.
Flavor | Version | Tinstall | Tcheck | Ttotal | Status | Flags |
---|---|---|---|---|---|---|
r-devel-linux-x86_64-debian-clang | 2.0.4 | 23.67 | 341.71 | 365.38 | OK | |
r-devel-linux-x86_64-debian-gcc | 2.0.4 | 21.05 | 255.30 | 276.35 | OK | |
r-devel-linux-x86_64-fedora-clang | 2.0.4 | 502.17 | NOTE | |||
r-devel-linux-x86_64-fedora-gcc | 2.0.4 | 489.00 | OK | |||
r-devel-windows-ix86+x86_64 | 2.0.4 | 45.00 | 307.00 | 352.00 | OK | --no-vignettes |
r-patched-linux-x86_64 | 2.0.4 | 25.42 | 331.14 | 356.56 | OK | |
r-patched-solaris-x86 | 2.0.4 | 645.20 | OK | |||
r-release-linux-x86_64 | 2.0.4 | 23.16 | 328.87 | 352.03 | OK | |
r-release-macos-x86_64 | 2.0.4 | OK | ||||
r-release-windows-ix86+x86_64 | 2.0.4 | 35.00 | 364.00 | 399.00 | OK | --no-vignettes |
r-oldrel-macos-x86_64 | 2.0.4 | OK | ||||
r-oldrel-windows-ix86+x86_64 | 2.0.4 | 42.00 | 317.00 | 359.00 | OK | --no-vignettes |
Version: 2.0.4
Check: Rd cross-references
Result: NOTE
Undeclared packages ‘timeSeries’, ‘tseries’, ‘car’, ‘gplots’ in Rd xrefs
Flavor: r-devel-linux-x86_64-fedora-clang