CRAN Package Check Results for Package PlasmaMutationDetector

Last updated on 2020-10-11 01:47:28 CEST.

Flavor Version Tinstall Tcheck Ttotal Status Flags
r-devel-linux-x86_64-debian-clang 1.7.2 47.56 421.08 468.64 OK
r-devel-linux-x86_64-debian-gcc 1.7.2 43.63 319.93 363.56 OK
r-devel-linux-x86_64-fedora-clang 1.7.2 580.39 OK
r-devel-linux-x86_64-fedora-gcc 1.7.2 605.28 OK
r-devel-windows-ix86+x86_64 1.7.2 114.00 377.00 491.00 OK
r-patched-linux-x86_64 1.7.2 46.00 381.75 427.75 OK
r-patched-solaris-x86 1.7.2 801.60 OK
r-release-linux-x86_64 1.7.2 45.47 375.52 420.99 OK
r-release-macos-x86_64 1.7.2 OK
r-release-windows-ix86+x86_64 1.7.2 85.00 461.00 546.00 OK
r-oldrel-macos-x86_64 1.7.2 ERROR
r-oldrel-windows-ix86+x86_64 1.7.2 106.00 312.00 418.00 OK

Check Details

Version: 1.7.2
Check: whether package can be installed
Result: ERROR
    Installation failed.
Flavor: r-oldrel-macos-x86_64