CRAN Package Check Results for Package PortfolioEffectHFT

Last updated on 2020-10-11 01:47:28 CEST.

Flavor Version Tinstall Tcheck Ttotal Status Flags
r-devel-linux-x86_64-debian-clang 1.8 13.43 81.03 94.46 OK
r-devel-linux-x86_64-debian-gcc 1.8 11.04 61.80 72.84 OK
r-devel-linux-x86_64-fedora-clang 1.8 127.94 NOTE
r-devel-linux-x86_64-fedora-gcc 1.8 115.55 OK
r-devel-windows-ix86+x86_64 1.8 30.00 101.00 131.00 NOTE
r-patched-linux-x86_64 1.8 11.91 78.04 89.95 OK
r-patched-solaris-x86 1.8 151.50 NOTE
r-release-linux-x86_64 1.8 13.41 76.87 90.28 OK
r-release-macos-x86_64 1.8 NOTE
r-release-windows-ix86+x86_64 1.8 25.00 121.00 146.00 NOTE
r-oldrel-macos-x86_64 1.8 NOTE
r-oldrel-windows-ix86+x86_64 1.8 25.00 83.00 108.00 NOTE

Check Details

Version: 1.8
Check: installed package size
Result: NOTE
     installed size is 6.4Mb
     sub-directories of 1Mb or more:
     java 5.1Mb
Flavors: r-devel-linux-x86_64-fedora-clang, r-devel-windows-ix86+x86_64, r-patched-solaris-x86, r-release-macos-x86_64, r-release-windows-ix86+x86_64, r-oldrel-macos-x86_64, r-oldrel-windows-ix86+x86_64