CRAN Package Check Results for Package PosteriorBootstrap

Last updated on 2020-10-11 01:47:28 CEST.

Flavor Version Tinstall Tcheck Ttotal Status Flags
r-devel-linux-x86_64-debian-clang 0.1.0 4.85 463.70 468.55 OK
r-devel-linux-x86_64-debian-gcc 0.1.0 4.06 340.23 344.29 OK
r-devel-linux-x86_64-fedora-clang 0.1.0 558.69 NOTE
r-devel-linux-x86_64-fedora-gcc 0.1.0 585.41 NOTE
r-devel-windows-ix86+x86_64 0.1.0 12.00 44.00 56.00 OK
r-patched-linux-x86_64 0.1.0 3.82 469.53 473.35 OK
r-patched-solaris-x86 0.1.0 1022.20 NOTE
r-release-linux-x86_64 0.1.0 4.57 472.41 476.98 OK
r-release-macos-x86_64 0.1.0 NOTE
r-release-windows-ix86+x86_64 0.1.0 8.00 55.00 63.00 OK
r-oldrel-macos-x86_64 0.1.0 NOTE
r-oldrel-windows-ix86+x86_64 0.1.0 8.00 54.00 62.00 OK

Check Details

Version: 0.1.0
Check: dependencies in R code
Result: NOTE
    Namespaces in Imports field not imported from:
     ‘Rcpp’ ‘StanHeaders’ ‘dplyr’ ‘ggplot2’ ‘gridExtra’ ‘rstan’ ‘tibble’
     All declared Imports should be used.
Flavors: r-devel-linux-x86_64-fedora-clang, r-devel-linux-x86_64-fedora-gcc, r-patched-solaris-x86, r-release-macos-x86_64, r-oldrel-macos-x86_64