CRAN Package Check Results for Package ProFound

Last updated on 2020-10-11 01:47:29 CEST.

Flavor Version Tinstall Tcheck Ttotal Status Flags
r-devel-linux-x86_64-debian-clang 1.3.4 38.97 85.52 124.49 OK
r-devel-linux-x86_64-debian-gcc 1.3.4 28.03 66.96 94.99 OK
r-devel-linux-x86_64-fedora-clang 1.3.4 188.94 OK
r-devel-linux-x86_64-fedora-gcc 1.3.4 165.65 OK
r-devel-windows-ix86+x86_64 1.3.4 77.00 114.00 191.00 NOTE
r-patched-linux-x86_64 1.3.4 38.38 81.91 120.29 OK
r-patched-solaris-x86 1.3.4 189.70 OK
r-release-linux-x86_64 1.3.4 36.65 81.96 118.61 OK
r-release-macos-x86_64 1.3.4 OK
r-release-windows-ix86+x86_64 1.3.4 59.00 142.00 201.00 NOTE
r-oldrel-macos-x86_64 1.3.4 NOTE
r-oldrel-windows-ix86+x86_64 1.3.4 75.00 138.00 213.00 OK

Check Details

Version: 1.3.4
Check: installed package size
Result: NOTE
     installed size is 5.1Mb
     sub-directories of 1Mb or more:
     data 1.7Mb
     libs 2.1Mb
Flavors: r-devel-windows-ix86+x86_64, r-release-windows-ix86+x86_64

Version: 1.3.4
Check: package dependencies
Result: NOTE
    Package suggested but not available for checking: ‘EBImage’
Flavor: r-oldrel-macos-x86_64