CRAN Package Check Results for Package PupillometryR

Last updated on 2020-10-11 01:47:29 CEST.

Flavor Version Tinstall Tcheck Ttotal Status Flags
r-devel-linux-x86_64-debian-clang 0.0.3 6.48 123.00 129.48 OK
r-devel-linux-x86_64-debian-gcc 0.0.3 5.04 90.63 95.67 OK
r-devel-linux-x86_64-fedora-clang 0.0.3 158.24 NOTE
r-devel-linux-x86_64-fedora-gcc 0.0.3 150.31 NOTE
r-devel-windows-ix86+x86_64 0.0.3 17.00 162.00 179.00 OK
r-patched-linux-x86_64 0.0.3 5.97 118.78 124.75 OK
r-patched-solaris-x86 0.0.3 207.30 NOTE
r-release-linux-x86_64 0.0.3 6.48 118.42 124.90 OK
r-release-macos-x86_64 0.0.3 NOTE
r-release-windows-ix86+x86_64 0.0.3 12.00 163.00 175.00 OK
r-oldrel-macos-x86_64 0.0.3 NOTE
r-oldrel-windows-ix86+x86_64 0.0.3 11.00 152.00 163.00 OK

Check Details

Version: 0.0.3
Check: dependencies in R code
Result: NOTE
    Namespaces in Imports field not imported from:
     ‘data.table’ ‘itsadug’ ‘mgcv’
     All declared Imports should be used.
Flavors: r-devel-linux-x86_64-fedora-clang, r-devel-linux-x86_64-fedora-gcc, r-patched-solaris-x86, r-release-macos-x86_64, r-oldrel-macos-x86_64