CRAN Package Check Results for Package R2019nCoV

Last updated on 2020-10-11 01:47:29 CEST.

Flavor Version Tinstall Tcheck Ttotal Status Flags
r-devel-linux-x86_64-debian-clang 0.1.0 6.67 63.98 70.65 OK
r-devel-linux-x86_64-debian-gcc 0.1.0 6.61 43.46 50.07 OK
r-devel-linux-x86_64-fedora-clang 0.1.0 86.85 NOTE
r-devel-linux-x86_64-fedora-gcc 0.1.0 75.75 NOTE
r-devel-windows-ix86+x86_64 0.1.0 17.00 81.00 98.00 OK
r-patched-linux-x86_64 0.1.0 6.50 54.00 60.50 OK
r-patched-solaris-x86 0.1.0 111.60 NOTE
r-release-linux-x86_64 0.1.0 6.93 53.89 60.82 OK
r-release-macos-x86_64 0.1.0 NOTE
r-release-windows-ix86+x86_64 0.1.0 10.00 98.00 108.00 OK
r-oldrel-macos-x86_64 0.1.0 NOTE
r-oldrel-windows-ix86+x86_64 0.1.0 12.00 82.00 94.00 OK

Check Details

Version: 0.1.0
Check: data for non-ASCII characters
Result: NOTE
     Note: found 89912 marked UTF-8 strings
Flavors: r-devel-linux-x86_64-fedora-clang, r-devel-linux-x86_64-fedora-gcc, r-patched-solaris-x86, r-release-macos-x86_64, r-oldrel-macos-x86_64