Last updated on 2020-10-11 01:47:29 CEST.
Flavor | Version | Tinstall | Tcheck | Ttotal | Status | Flags |
---|---|---|---|---|---|---|
r-devel-linux-x86_64-debian-clang | 2.3.2 | 6.41 | 45.22 | 51.63 | NOTE | |
r-devel-linux-x86_64-debian-gcc | 2.3.2 | 5.67 | 34.19 | 39.86 | NOTE | |
r-devel-linux-x86_64-fedora-clang | 2.3.2 | 70.14 | NOTE | |||
r-devel-linux-x86_64-fedora-gcc | 2.3.2 | 60.81 | NOTE | |||
r-devel-windows-ix86+x86_64 | 2.3.2 | 13.00 | 46.00 | 59.00 | OK | |
r-patched-linux-x86_64 | 2.3.2 | 7.49 | 41.94 | 49.43 | NOTE | |
r-patched-solaris-x86 | 2.3.2 | 77.20 | NOTE | |||
r-release-linux-x86_64 | 2.3.2 | 6.85 | 42.16 | 49.01 | NOTE | |
r-release-macos-x86_64 | 2.3.2 | OK | ||||
r-release-windows-ix86+x86_64 | 2.3.2 | 10.00 | 62.00 | 72.00 | OK | |
r-oldrel-macos-x86_64 | 2.3.2 | OK | ||||
r-oldrel-windows-ix86+x86_64 | 2.3.2 | 17.00 | 50.00 | 67.00 | OK |
Version: 2.3.2
Check: for non-standard things in the check directory
Result: NOTE
Found the following files/directories:
'output.html'
Flavors: r-devel-linux-x86_64-debian-clang, r-devel-linux-x86_64-debian-gcc, r-devel-linux-x86_64-fedora-clang, r-devel-linux-x86_64-fedora-gcc, r-patched-linux-x86_64, r-patched-solaris-x86, r-release-linux-x86_64