CRAN Package Check Results for Package RMTL

Last updated on 2020-10-11 01:47:31 CEST.

Flavor Version Tinstall Tcheck Ttotal Status Flags
r-devel-linux-x86_64-debian-clang 0.9 4.81 47.63 52.44 NOTE
r-devel-linux-x86_64-debian-gcc 0.9 3.42 35.70 39.12 NOTE
r-devel-linux-x86_64-fedora-clang 0.9 69.47 OK
r-devel-linux-x86_64-fedora-gcc 0.9 61.02 OK
r-devel-windows-ix86+x86_64 0.9 8.00 54.00 62.00 NOTE
r-patched-linux-x86_64 0.9 4.59 45.40 49.99 NOTE
r-patched-solaris-x86 0.9 81.30 OK
r-release-linux-x86_64 0.9 4.55 46.07 50.62 NOTE
r-release-macos-x86_64 0.9 OK
r-release-windows-ix86+x86_64 0.9 5.00 52.00 57.00 NOTE
r-oldrel-macos-x86_64 0.9 OK
r-oldrel-windows-ix86+x86_64 0.9 7.00 63.00 70.00 OK

Check Details

Version: 0.9
Check: package vignettes
Result: NOTE
    Package vignette with placeholder title 'Vignette Title':
     'rmtl.Rmd'
Flavors: r-devel-linux-x86_64-debian-clang, r-devel-linux-x86_64-debian-gcc, r-devel-windows-ix86+x86_64, r-patched-linux-x86_64, r-release-linux-x86_64, r-release-windows-ix86+x86_64