CRAN Package Check Results for Package RMixtComp

Last updated on 2020-10-11 01:47:31 CEST.

Flavor Version Tinstall Tcheck Ttotal Status Flags
r-devel-linux-x86_64-debian-clang 4.1.2 7.86 195.91 203.77 NOTE
r-devel-linux-x86_64-debian-gcc 4.1.2 6.45 134.80 141.25 NOTE
r-devel-linux-x86_64-fedora-clang 4.1.2 149.54 NOTE
r-devel-linux-x86_64-fedora-gcc 4.1.2 229.55 NOTE
r-devel-windows-ix86+x86_64 4.1.2 17.00 239.00 256.00 NOTE
r-patched-linux-x86_64 4.1.2 4.85 178.57 183.42 NOTE
r-patched-solaris-x86 4.1.2 407.70 NOTE
r-release-linux-x86_64 4.1.2 5.46 171.47 176.93 NOTE
r-release-macos-x86_64 4.1.2 OK
r-release-windows-ix86+x86_64 4.1.2 13.00 309.00 322.00 NOTE
r-oldrel-macos-x86_64 4.1.2 OK
r-oldrel-windows-ix86+x86_64 4.1.2 15.00 288.00 303.00 NOTE

Check Details

Version: 4.1.2
Check: dependencies in R code
Result: NOTE
    Unexported objects imported by ':::' calls:
     'RMixtCompUtilities:::completeAlgo' 'RMixtCompUtilities:::formatData'
     'RMixtCompUtilities:::formatModel'
     'RMixtCompUtilities:::print.MixtComp'
     'RMixtCompUtilities:::summary.MixtComp'
     See the note in ?`:::` about the use of this operator.
Flavors: r-devel-linux-x86_64-debian-clang, r-devel-linux-x86_64-debian-gcc, r-devel-linux-x86_64-fedora-clang, r-devel-linux-x86_64-fedora-gcc, r-devel-windows-ix86+x86_64, r-patched-linux-x86_64, r-patched-solaris-x86, r-release-linux-x86_64, r-release-windows-ix86+x86_64, r-oldrel-windows-ix86+x86_64