CRAN Package Check Results for Package RPtests

Last updated on 2020-10-11 01:47:31 CEST.

Flavor Version Tinstall Tcheck Ttotal Status Flags
r-devel-linux-x86_64-debian-clang 0.1.4 24.35 73.93 98.28 OK
r-devel-linux-x86_64-debian-gcc 0.1.4 19.58 56.84 76.42 OK
r-devel-linux-x86_64-fedora-clang 0.1.4 134.25 NOTE
r-devel-linux-x86_64-fedora-gcc 0.1.4 117.42 OK
r-devel-windows-ix86+x86_64 0.1.4 58.00 120.00 178.00 OK
r-patched-linux-x86_64 0.1.4 22.13 70.28 92.41 OK
r-patched-solaris-x86 0.1.4 150.50 OK
r-release-linux-x86_64 0.1.4 21.46 70.64 92.10 OK
r-release-macos-x86_64 0.1.4 OK
r-release-windows-ix86+x86_64 0.1.4 41.00 142.00 183.00 OK
r-oldrel-macos-x86_64 0.1.4 OK
r-oldrel-windows-ix86+x86_64 0.1.4 50.00 121.00 171.00 OK

Check Details

Version: 0.1.4
Check: Rd cross-references
Result: NOTE
    Undeclared package ‘scalreg’ in Rd xrefs
Flavor: r-devel-linux-x86_64-fedora-clang