CRAN Package Check Results for Package RSEIS

Last updated on 2020-10-11 01:47:31 CEST.

Flavor Version Tinstall Tcheck Ttotal Status Flags
r-devel-linux-x86_64-debian-clang 3.9-3 32.87 154.46 187.33 OK
r-devel-linux-x86_64-debian-gcc 3.9-3 24.15 117.16 141.31 OK
r-devel-linux-x86_64-fedora-clang 3.9-3 231.76 OK
r-devel-linux-x86_64-fedora-gcc 3.9-3 220.03 OK
r-devel-windows-ix86+x86_64 3.9-3 37.00 189.00 226.00 OK
r-patched-linux-x86_64 3.9-3 29.02 145.31 174.33 OK
r-patched-solaris-x86 3.9-3 259.90 WARN
r-release-linux-x86_64 3.9-3 28.22 145.49 173.71 OK
r-release-macos-x86_64 3.9-3 OK
r-release-windows-ix86+x86_64 3.9-3 52.00 242.00 294.00 OK
r-oldrel-macos-x86_64 3.9-3 WARN
r-oldrel-windows-ix86+x86_64 3.9-3 41.00 206.00 247.00 OK

Check Details

Version: 3.9-3
Check: for executable files
Result: WARN
    Found the following executable file:
     data/GH.RData
    Source packages should not contain undeclared executable files.
    See section ‘Package structure’ in the ‘Writing R Extensions’ manual.
Flavors: r-patched-solaris-x86, r-oldrel-macos-x86_64