Last updated on 2020-10-11 01:47:31 CEST.
Flavor | Version | Tinstall | Tcheck | Ttotal | Status | Flags |
---|---|---|---|---|---|---|
r-devel-linux-x86_64-debian-clang | 0.5.3 | 40.81 | 56.15 | 96.96 | OK | |
r-devel-linux-x86_64-debian-gcc | 0.5.3 | 33.45 | 43.95 | 77.40 | OK | |
r-devel-linux-x86_64-fedora-clang | 0.5.3 | 139.75 | NOTE | |||
r-devel-linux-x86_64-fedora-gcc | 0.5.3 | 123.91 | OK | |||
r-devel-windows-ix86+x86_64 | 0.5.3 | 93.00 | 106.00 | 199.00 | OK | |
r-patched-linux-x86_64 | 0.5.3 | 40.53 | 54.23 | 94.76 | OK | |
r-patched-solaris-x86 | 0.5.3 | 138.60 | OK | |||
r-release-linux-x86_64 | 0.5.3 | 43.32 | 54.15 | 97.47 | OK | |
r-release-macos-x86_64 | 0.5.3 | NOTE | ||||
r-release-windows-ix86+x86_64 | 0.5.3 | 68.00 | 123.00 | 191.00 | OK | |
r-oldrel-macos-x86_64 | 0.5.3 | NOTE | ||||
r-oldrel-windows-ix86+x86_64 | 0.5.3 | 79.00 | 88.00 | 167.00 | OK |
Version: 0.5.3
Check: installed package size
Result: NOTE
installed size is 14.3Mb
sub-directories of 1Mb or more:
libs 13.9Mb
Flavors: r-devel-linux-x86_64-fedora-clang, r-release-macos-x86_64, r-oldrel-macos-x86_64