CRAN Package Check Results for Package RcmdrPlugin.PcaRobust

Last updated on 2020-10-11 01:47:30 CEST.

Flavor Version Tinstall Tcheck Ttotal Status Flags
r-devel-linux-x86_64-debian-clang 1.1.4 16.63 126.68 143.31 OK
r-devel-linux-x86_64-debian-gcc 1.1.4 14.45 96.95 111.40 OK
r-devel-linux-x86_64-fedora-clang 1.1.4 201.01 OK
r-devel-linux-x86_64-fedora-gcc 1.1.4 186.36 OK
r-devel-windows-ix86+x86_64 1.1.4 41.00 118.00 159.00 OK
r-patched-linux-x86_64 1.1.4 12.69 119.36 132.05 OK
r-patched-solaris-x86 1.1.4 287.10 OK
r-release-linux-x86_64 1.1.4 16.69 117.48 134.17 OK
r-release-macos-x86_64 1.1.4 OK
r-release-windows-ix86+x86_64 1.1.4 26.00 109.00 135.00 OK
r-oldrel-macos-x86_64 1.1.4 FAIL
r-oldrel-windows-ix86+x86_64 1.1.4 32.00 97.00 129.00 OK

Check Details

Version: 1.1.4
Check: whether package can be installed
Result: FAIL
Flavor: r-oldrel-macos-x86_64