Last updated on 2020-10-11 01:47:30 CEST.
Flavor | Version | Tinstall | Tcheck | Ttotal | Status | Flags |
---|---|---|---|---|---|---|
r-devel-linux-x86_64-debian-clang | 0.9.900.3.0 | 49.67 | 43.61 | 93.28 | OK | |
r-devel-linux-x86_64-debian-gcc | 0.9.900.3.0 | 35.18 | 34.00 | 69.18 | OK | |
r-devel-linux-x86_64-fedora-clang | 0.9.900.3.0 | 142.82 | NOTE | |||
r-devel-linux-x86_64-fedora-gcc | 0.9.900.3.0 | 116.40 | OK | |||
r-devel-windows-ix86+x86_64 | 0.9.900.3.0 | 108.00 | 502.00 | 610.00 | NOTE | |
r-patched-linux-x86_64 | 0.9.900.3.0 | 46.40 | 42.63 | 89.03 | OK | |
r-patched-solaris-x86 | 0.9.900.3.0 | 263.60 | NOTE | |||
r-release-linux-x86_64 | 0.9.900.3.0 | 45.27 | 42.67 | 87.94 | OK | |
r-release-macos-x86_64 | 0.9.900.3.0 | NOTE | ||||
r-release-windows-ix86+x86_64 | 0.9.900.3.0 | 93.00 | 374.00 | 467.00 | NOTE | |
r-oldrel-macos-x86_64 | 0.9.900.3.0 | NOTE | ||||
r-oldrel-windows-ix86+x86_64 | 0.9.900.3.0 | 94.00 | 346.00 | 440.00 | NOTE |
Version: 0.9.900.3.0
Check: installed package size
Result: NOTE
installed size is 9.1Mb
sub-directories of 1Mb or more:
include 6.0Mb
libs 1.9Mb
Flavors: r-devel-linux-x86_64-fedora-clang, r-devel-windows-ix86+x86_64, r-patched-solaris-x86, r-release-macos-x86_64, r-release-windows-ix86+x86_64, r-oldrel-macos-x86_64, r-oldrel-windows-ix86+x86_64